. Determine r(9).
5
Let y(t) = -3*t - 39. Determine y(-13).
0
Let c(j) = -j - 8. Calculate c(-13).
5
Let i(f) = -f**2 + 6*f + 15. What is i(6)?
15
Let y(b) = b**3 - 5*b**2 + 2*b + 4. Calculate y(3).
-8
Let z(i) = i**2 + i + 1. Give z(-3).
7
Let c(q) = -28*q - 948. What is c(-34)?
4
Let p(d) = d**3 + 10*d**2 + 17*d + 12. What is p(-8)?
4
Let g(q) = -9*q - 15. What is g(7)?
-78
Let f(z) = z**3 - 18*z**2 + 17*z + 10. Give f(17).
10
Let t(i) = i**2 - 12*i - 12. What is t(15)?
33
Let h(y) = -y**3 - 18*y**2 - 20*y - 40. Determine h(-17).
11
Let u(n) = -n**2 - 20*n - 1. Determine u(0).
-1
Let o(k) = -9*k**3 - k**2 + k. Determine o(1).
-9
Let w(a) = -22*a - 385. What is w(-18)?
11
Let o(i) = 42*i + 63. Determine o(-2).
-21
Let w(k) = -k**3 + 10*k**2 - 9*k + 1. Calculate w(9).
1
Let o(w) = -4*w**2 - 10*w + 20. Calculate o(-4).
-4
Let o(a) = -4*a + 10. Determine o(2).
2
Let x(i) = i**3 + 24*i**2 - 25*i + 7. Give x(-25).
7
Let k(y) = -y**3 - 17*y**2 + 14*y - 74. Calculate k(-18).
-2
Let r(v) = -v**2 - 15*v + 96. Determine r(-20).
-4
Let g(t) = t**3 + 9*t**2 + 7*t - 2. Calculate g(-7).
47
Let b(l) = -l**3 - 3*l**2 - 3*l + 4. What is b(-3)?
13
Let x(a) = -a**2 + 7*a - 7. Calculate x(6).
-1
Let o(u) = 3*u - 23. What is o(6)?
-5
Let g(s) = 7*s + 34. Calculate g(-3).
13
Let j(g) = 3*g**2 + 43*g + 10. Determine j(-14).
-4
Let s(n) = -n + 1. Determine s(1).
0
Let z(s) = s**3 - 14*s**2 - 2*s + 23. Determine z(14).
-5
Let h(g) = g**3 + 8*g**2 + 2*g - 12. What is h(-8)?
-28
Let t(g) = g**2 + 7*g - 9. Give t(-11).
35
Let f(g) = 12*g + 126. What is f(-6)?
54
Let s(o) = -10*o + 3. Determine s(6).
-57
Let g(v) = -2*v**2 + 9*v - 43. Determine g(3).
-34
Let j(s) = -s**2 + 7*s + 27. Determine j(10).
-3
Let z(q) = q**2 + 13*q + 28. Calculate z(-9).
-8
Let o(i) = -17*i + 38. Determine o(2).
4
Let i(y) = y - 5. Calculate i(11).
6
Let f(w) = -w**3 + 27*w**2 - 26*w + 14. Calculate f(26).
14
Let o(s) = -s**3 - 4*s**2 + 7*s + 14. Determine o(-5).
4
Let d(i) = i**2 + 15*i + 19. Determine d(-14).
5
Let d(n) = n**3 + 6*n**2 + 5*n + 9. Determine d(-6).
-21
Let q(k) = 6*k**2 + 32*k + 16. Determine q(-4).
-16
Let h(d) = d**2 + 4*d - 4. Give h(-5).
1
Let w(t) = -2*t**3 - 2*t**2 - 3. What is w(2)?
-27
Let r(y) = y**3 - 14*y**2 - 12*y - 21. Determine r(15).
24
Let u(p) = p - 9. What is u(14)?
5
Let s(l) = l**2 - 4*l - 6. Calculate s(6).
6
Let d(s) = s**2 + s - 2. What is d(5)?
28
Let a(z) = -z + 5. Determine a(-5).
10
Let z(d) = d**2 + 10*d - 17. Give z(-12).
7
Let g(j) = -28*j + 140. What is g(5)?
0
Let h(c) = -7*c - 4. Determine h(4).
-32
Let y(k) = 2*k**2 + 5*k. Calculate y(-2).
-2
Let o(z) = -15*z + 67. Calculate o(9).
-68
Let y(r) = 4*r + 23. Calculate y(-6).
-1
Let w(b) = -b**2 + 7*b - 19. Give w(5).
-9
Let z(d) = -d**2 + 8*d + 1. Determine z(7).
8
Let w(u) = -16*u**2 - 2*u - 1. Determine w(-1).
-15
Let c(r) = -5*r**2 + 2*r. What is c(1)?
-3
Let z(k) = 6*k**2 - 4. What is z(-3)?
50
Let n(d) = 3*d**2 + 12*d - 7. Determine n(-6).
29
Let p(w) = 4*w + 13. Determine p(5).
33
Let j(i) = -104*i - 592. Calculate j(-6).
32
Let s(l) = -3*l - 12. Give s(2).
-18
Let l(d) = -2*d**3 - d**2 - d + 3. Calculate l(-2).
17
Let u(k) = k**3 - 10*k**2 - 25*k + 5. What is u(12)?
-7
Let j(n) = 6*n - 32. What is j(10)?
28
Let l(x) = -2*x**2 - 50*x - 276. Give l(-10).
24
Let c(o) = o**3 + 5*o**2 - o. Give c(-6).
-30
Let t(j) = 3*j**2 + 30*j + 13. Determine t(-9).
-14
Let k(u) = u**3 + 13*u**2 + 13*u + 14. Determine k(-12).
2
Let v(h) = h. Calculate v(3).
3
Let r(v) = -v**3 - 16*v**2 - 3*v - 13. Determine r(-16).
35
Let p(w) = -6*w - 165. Calculate p(-26).
-9
Let c(n) = 2*n - 17. What is c(8)?
-1
Let j(g) = -6*g - 15. Determine j(7).
-57
Let h(d) = -d**2 - 2*d + 4. Give h(-3).
1
Let u(d) = d**3 - 6*d**2 + 10*d - 8. Give u(4).
0
Let s(f) = -f**3 - 5*f**2 + 10*f - 3. Give s(3).
-45
Let h(a) = a**2 - 10*a + 14. What is h(7)?
-7
Let f(y) = y**3 + 6*y**2 + 9*y + 18. What is f(-4)?
14
Let n(l) = 2*l**2 - 15*l - 11. Determine n(8).
-3
Let q(p) = p**3 - 3*p**2 - 10*p - 6. Calculate q(5).
-6
Let j(c) = c**2 + 10*c + 11. Give j(-8).
-5
Let h(d) = 2*d**2 + 3*d + 12. What is h(7)?
131
Let n(k) = 4*k**2 + 6*k - 4. Give n(4).
84
Let o(h) = h**2 - 25*h + 19. Determine o(20).
-81
Let k(x) = x**2 + 20*x + 84. Determine k(-15).
9
Let t(h) = h**3 + 10*h**2 - 7*h + 5. Determine t(-11).
-39
Let m(s) = -s**3 + 12*s**2 + 19*s - 18. What is m(13)?
60
Let t(p) = 9*p**2 - p - 1. Calculate t(1).
7
Let w(d) = d**3 + 9*d**2 + 16*d + 64. What is w(-8)?
0
Let u(t) = -t**3 + 11*t**2 - t - 3. What is u(11)?
-14
Let q(r) = r**3 - r**2 - 3*r + 6. Calculate q(0).
6
Let h(s) = s**2 + 4*s - 23. Give h(-6).
-11
Let r(m) = 3*m**2 - 13*m - 51. What is r(-3)?
15
Let k(y) = -y + 20. Give k(0).
20
Let y(q) = q**3 + 6*q**2 + 6*q + 1. What is y(-4)?
9
Let r(q) = 10*q**2 - q - 1. Give r(-1).
10
Let i(z) = 7*z + 28. What is i(-4)?
0
Let h(x) = x**2 + 12*x + 39. What is h(-7)?
4
Let d(r) = 14*r - 94. Calculate d(6).
-10
Let h(r) = r**3 - 9*r**2 + 7*r + 4. What is h(6)?
-62
Let g(u) = u**3 - 10*u**2 + 15*u - 16. Give g(8).
-24
Let q(y) = -y**3 + 2*y**2 - 6*y - 5. Determine q(0).
-5
Let m(s) = 10*s + 2. What is m(4)?
42
Let r(d) = 2*d**2 - 11*d - 17. What is r(8)?
23
Let b(o) = 2*o**3 - 11*o**2 + 3*o - 8. Determine b(6).
46
Let q(t) = 3*t - 2. What is q(0)?
-2
Let z(j) = j**2 - 8*j + 15. Give z(5).
0
Let j(r) = -3*r - 7. Calculate j(-2).
-1
Let m(y) = -y**3 - 22*y**2 + 3. Give m(-22).
3
Let v(x) = -x**3 - 3*x**2 + 2*x + 6. Give v(-3).
0
Let d(o) = 9*o + 127. Calculate d(-13).
10
Let h(n) = -n + 2. Determine h(7).
-5
Let j(y) = y**3 - 3*y**2 - 2*y + 3. Determine j(2).
-5
Let i(h) = -38*h**2 - 80*h - 8. Give i(-2).
0
Let p(c) = -6*c + 67. What is p(12)?
-5
Let z(n) = -21*n**2 - n - 1. Give z(-1).
-21
Let d(h) = h**3 - 4*h**2 - 2*h - 6. What is d(5)?
9
Let y(x) = -4*x + 8. Determine y(8).
-24
Let c(f) = f**3 + 7*f**2 + 8*f - 5. Give c(-5).
5
Let q(v) = -2*v**3 - 13*v**2 - 19*v + 11. What is q(-5)?
31
Let l(g) = -g**3 - 8*g**2 - 3*g - 21. Give l(-8).
3
Let d(i) = i + 13. What is d(-12)?
1
Let a(z) = -3*z. What is a(1)?
-3
Let t(d) = -11*d - 1. Calculate t(-2).
21
Let m(v) = -v**3 - 2. Determine m(2).
-10
Let x(t) = -4*t + 31. What is x(5)?
11
Let z(s) = -2*s**3 + 5*s**2 - s + 2. Determine z(3).
-10
Let t(x) = 6*x**2 - x + 14. Give t(0).
14
Let v(w) = -w**3 - 8*w**2 - 2*w + 4. Give v(-7).
-31
Let p(g) = 6*g - 160. Give p(27).
2
Let g(y) = -y**2 - 30*y - 148. Calculate g(-6).
-4
Let f(i) = -19*i - 10. What is f(1)?
-29
Let f(m) = -m**3 - 7*m**2 - 9*m - 22. Give f(-5).
-27
Let x(l) = -l**3 + 7*l**2 + 31*l - 3. What is x(10)?
7
Let p(c) = -c - 7. Determine p(28).
-35
Let f(k) = 2*k**2 + 32*k - 10. Give f(-18).
62
Let p(l) = l**2 - 11*l + 9. Calculate p(11).
9
Let a(l) = l**2 + 20*l - 149. Give a(6).
7
Let g(o) = o**3 + 18*o**2 - o - 15. Give g(-18).
3
Let t(f) = -f**3 + 6*f**2 + 7*f - 9. Give t(7).
-9
Let f(i) = i**3 - 4*i**2 - 6*i - 6. What is f(5)?
-11
Let h(o) = -40*o**2 + 3*o + 2. Determine h(-2).
-164
Let a(j) = j**2 - 7*j - 7. Give a(-3).
23
Let x(q) = -q**3 + 35*q - 6. Calculate x(6).
-12
Let t(o) = o + 27. Give t(-16).
11
Let x(b) = 13*b - 15. Give x(2).
11
Let b(m) = -m**2 + 6*m - 6. Give b(1).
-1
Let o(s) = -s**3 - 9*s**2 - 7*s - 58. Give o(-9).
5
Let g(n) = 28*n**2 - 2. What is g(-2)?
110
Let q(s) = s**3 + 3*s**2 - 7*s + 8. Give q(4).
92
Let c(r) = -3*r**2 + 21*r + 12. Calculate c(7).
12
Let f(g) = -g**2 + g + 23. What is f(0)?
23
Let b(m) = -m**2 - 8*m + 10. Determine b(-10).
-10
Let j(n) = -n**2 + 7*n - 12. Determine j(6).
-6
Let l(j) = -j**3 + 10*j**2 + j - 2. Calculate l(10).
8
Let n(j) = -j**2 + 24. Calculate n(-6).
-12
Let c(n) = -2*n - 8. Calculate c(-5).
2
Let l(r) = -323*r - 1291. Give l(-4).
1
Let x(r) = -r**2 - 19*r - 7. Give x(-18).
11
Let q(k) = -k**3 + 12*k**2 + 15*k - 17. Determine q(13).
9
Let a(r) = -r**3 + 2*r**2 + 2. Determine a(3).
-7
Let o(g) = g + 8. What is o(0)?
8
Let x(u) = -u**3 - 13*u**2 + 1. Determine x(-13).
1
Let b(w) = -12*w + 27. Give b(3).
-9
Let n(p) = -2*p**3 + 31*p**2 + 18*p - 28. What is n(16)?
4
Let a(f) = -5*f + 47. What is a(9)?
2
Let q(t) = -2*t**3 + 2*t**2 - t + 6. Give q(3).
-33
Let u(i) = -2*i**2 - 2*i - 3. Calculate u(0).
-3
Let w(g) = 2*g**2 + 28*g - 95. What is w(-17)?
7
Let y(l) = 2*l**2 + 19*l + 8. De